21. Let r = n - f. List the prime factors of r.
2, 83
List the prime factors of (-1128)/2538 + 82394/18.
23, 199
Let k(n) = -10*n**3 - 23*n**2 - 35*n - 180. What are the prime factors of k(-18)?
2, 3, 2851
Suppose -g - g + a = 4, -5*g + a - 4 = 0. Suppose 2*r + 0*r - 442 = g. Let b = r + -151. List the prime factors of b.
2, 5, 7
What are the prime factors of (-342306)/(-135)*((-60)/32)/((-3)/4)?
3, 2113
Suppose -3*t + 268 = -2*t + p, 2*t + 5*p - 521 = 0. Let s = t - -338. What are the prime factors of s?
13, 47
Let l(n) = 9*n**2 + 8*n - 13. Let m(d) = 2*d**2 - d. Let t(o) = -l(o) + 5*m(o). List the prime factors of t(-19).
3, 23
Suppose -85*z + 171*z - 82*z = 82652. List the prime factors of z.
20663
Let i be 2/(-8) - (3 - (-57505)/28). Let b = 2914 + i. What are the prime factors of b?
857
Let o be (-2 - -1)/((-2)/(-6)*3). List the prime factors of o/(-2)*17/((-119)/(-630)).
3, 5
Let n(j) = 2*j**2 + 51*j - 26. Let i be n(-23). Let t = 469 - i. What are the prime factors of t?
2, 5, 61
Let h = 46898 + -32715. What are the prime factors of h?
13, 1091
Let c be (-6 - 1) + 8 + 13391. Suppose c = 18*z - 2*z. List the prime factors of z.
3, 31
Let o = -42839 + 6844. What are the prime factors of 6/(-14) + (-3 - o/35)?
5, 41
Let c(d) = 4*d - 29. Let u be c(10). Suppose -u*z = -6*z - 1080. What are the prime factors of (15/(-20))/((-2)/z)?
3
Let a(v) = -2*v + 34. Let t be a(15). Let q(g) = 45*g**2 + 4*g - 10. List the prime factors of q(t).
2, 3, 11
Suppose -4*u = 8*x - 3*x + 8, 4*x + 13 = -u. Suppose -3291 = -u*v + 324. List the prime factors of v.
5, 241
Let x(u) = 94*u + 930. List the prime factors of x(22).
2, 1499
Suppose 41*a - 42*a + 20293 = 3*x, 0 = 2*x - 4*a - 13552. What are the prime factors of x?
2, 17, 199
Let g = 4948 - -13339. What are the prime factors of g?
18287
List the prime factors of (1 + 0 + 0 - -2119)*(-10086)/(-8405).
2, 3, 53
Let f(d) = -16*d + 51*d + 64*d + 2*d - 65. What are the prime factors of f(4)?
3, 113
Let i = 147 + -149. What are the prime factors of 1124/6 + i - 70/(-42)?
11, 17
Suppose 0 = -8*n - n + 504. Suppose n*k - 60*k = -584. What are the prime factors of k?
2, 73
Let s = 530 - -14742. List the prime factors of s.
2, 23, 83
Suppose 0*b = -2*b - 94. Let p = 70 + b. What are the prime factors of p?
23
Suppose 3650 = 3*d - 4*g, 0 = 9*g - 13*g - 8. List the prime factors of d.
2, 607
Suppose -5*a = -2*a - b - 76, -5*b + 88 = 3*a. Suppose a*n + 2748 = 30*n. List the prime factors of n.
3, 229
Suppose -t + 5*w = 13, -4*t + t = -w - 3. Let v(p) = 51*p**2 + 3*p**2 + 31*p**t. List the prime factors of v(1).
5, 17
List the prime factors of (-2)/34*2 - (-1583188182)/21471.
2, 13, 709
Let s(j) = j**3 + 5*j**2 + 14*j + 18. What are the prime factors of s(11)?
2, 17, 31
Let d(x) = -8*x + 6*x**3 + 0*x**3 - 5*x**3 + 15 - 5. Let v = 74 + -69. What are the prime factors of d(v)?
5, 19
Suppose -3*j = -10*j + 7. Let i be (-2 + -1)/((-1)/j). Suppose i*m - 93 = 60. What are the prime factors of m?
3, 17
Suppose b = -4*k + 30 - 5, -b = k - 10. Let g(h) = 4 + h**3 - b*h + h + 21*h**2 - 12*h**2. What are the prime factors of g(-8)?
2, 5
Let m(d) = -5*d**2 - 15*d. Let z be m(-12). List the prime factors of (z/7)/(21/(-98)).
2, 3, 5
Let l = -2015 - -2334. What are the prime factors of l?
11, 29
Suppose 0 = 10*y + 6 - 6. Suppose r - 16*r + 660 = y. List the prime factors of r.
2, 11
Suppose -29*n + 5980 = -26*n - 2*i, n - 1986 = -3*i. List the prime factors of n.
2, 3, 83
Suppose -158 = 11*r - 23071. Suppose -r + 8376 = 7*f. What are the prime factors of f?
29, 31
Let t(p) = -p**3 - 10*p**2 - 12*p - 12. Let i be t(-9). Let l be (18/i)/((-3)/(-10)). Suppose -l*m = g + 2*g - 344, 4*g - 99 = -m. List the prime factors of m.
83
Suppose -17*b + 784 = -18*b. Let o = b + 1188. What are the prime factors of o?
2, 101
Let o(b) = b**3 - 8*b**2 + 3*b + 33. Let h be o(7). Suppose -1720 = -0*t - 5*t + h*g, 4*t - 1372 = 3*g. List the prime factors of t.
2, 5, 17
Suppose -2*j + 2*i + 133852 = 0, j - 5*i + 24846 = 91756. What are the prime factors of j?
2, 3, 5, 23, 97
Suppose 11*g - 71540 = 5009. What are the prime factors of g?
6959
Let b(y) be the third derivative of -16*y**4/3 - y**3/2 + 3*y**2 - 21*y. What are the prime factors of b(-6)?
3, 5, 17
Let y(f) = 75*f + 13. Let i be y(1). What are the prime factors of 115885/i - 2/(-16)?
3, 439
Let n(s) be the second derivative of s**4/12 + 3*s**3 + 17*s**2 - 35*s. Let a be n(-16). Suppose 196 + 156 = a*b. List the prime factors of b.
2, 11
Suppose 0*s + 232752 = 24*s. Suppose 0 = -40*j + 11702 + s. List the prime factors of j.
5, 107
List the prime factors of (-76176)/(-60) - (-9)/6*10/(-25).
3, 47
Let w(x) = -x**2 - 16*x + 30. Let h be w(-17). Suppose 0 = -8*c + h*c - 1890. What are the prime factors of c?
2, 3, 7
Let o = 13769 - -9919. What are the prime factors of o?
2, 3, 7, 47
Let p = -348 + 348. Suppose -3565 = -3*y - 5*h, 6*y - 8*y + 3*h + 2364 = p. What are the prime factors of y?
3, 5, 79
Let y(c) = 1692*c - 1852. List the prime factors of y(6).
2, 5, 83
Suppose 398 = 4*r + 54. Let h = 37 + r. What are the prime factors of h?
3, 41
Let u(n) = 157*n + 7. Let s be 3/((-7)/(7/(-3))). List the prime factors of u(s).
2, 41
Let o(u) = -u**3 - u**2 - u + 63. Let j(n) = -22*n**2 + 45*n**2 + 2 + 3*n - 4 - 24*n**2. Let z be j(1). What are the prime factors of o(z)?
3, 7
Suppose -3*x - 14 = 5*d + 16, -2*x + 46 = -4*d. What are the prime factors of ((-12)/(-10))/((-97576)/(-10840) + d)?
3, 271
Let a(v) = -v**3 - 5*v**2 + 8*v + 8. Let p be a(-6). Let y(s) = 24*s + 15. Let g be y(p). Let i = 122 + g. What are the prime factors of i?
41
Let i = -1716 - -2425. Suppose 367 = 4*o - 3*o - 4*u, -3*u = -2*o + i. What are the prime factors of o?
347
Suppose 134*i - 135*i - b + 38504 = 0, i - 38516 = 2*b. List the prime factors of i.
2, 3, 3209
Let i be 2 + ((-4)/(-3))/((-10)/15). Suppose 2*n + 2*n - 4 = i, 2*q - 5*n - 735 = 0. List the prime factors of q.
2, 5, 37
Let y(q) = 150*q**2 - 23*q - 21. What are the prime factors of y(-8)?
13, 751
Let m be (-7)/(-3) - 0 - (-27)/(-81). Suppose 3*p - 1250 = -m*p. List the prime factors of p.
2, 5
Let v(c) = 49*c**3 + 15*c**2 - 2*c + 23. What are the prime factors of v(5)?
3, 13, 167
Suppose 2*o - 3*t - 9718 - 3002 = 0, 5*o = -2*t + 31781. Suppose 0 = 14*y + 1583 - o. What are the prime factors of y?
11, 31
List the prime factors of (-6)/(-4)*448/(-252)*15621/(-4).
2, 41, 127
Let a(l) = 43*l - 145. Suppose -6 = -2*t + 5*x + 3, -3*t - 2*x + 61 = 0. What are the prime factors of a(t)?
2, 293
Suppose -i + 2018 = -1096. Suppose 3*r + 0*r - i = 0. List the prime factors of r.
2, 3, 173
Suppose 24 = 4*d + 148. What are the prime factors of 4*(138/4 - d/124)?
139
Let v(t) = -10 - t + 45*t + 2*t. Let z be 3*(-1 + 1 - -1). What are the prime factors of v(z)?
2
Let r(p) = -149*p - 36. Let s be r(-3). Suppose 0 = 3*u - s - 399. List the prime factors of u.
2, 3, 5
Let v(c) = -c**3 - 17*c**2 - 6*c - 7. Suppose 3*l - 255 = -5*y, -6 = -2*y - 0*y. Let w = 63 - l. List the prime factors of v(w).
5, 19
Suppose 54 = 28*w - 25*w. Let f = 130 - w. What are the prime factors of f?
2, 7
Suppose 3*f - j + 79 - 20 = 0, 0 = f + 5*j - 7. List the prime factors of (4/f - (-78330)/135) + -1.
3, 193
Suppose p - 2 = q - 3*p, 0 = q - 5*p + 6. Let o = q + -100. Let b = 199 + o. List the prime factors of b.
113
Suppose -18*v + 3570 = 16*v. Suppose 0 = 122*a - v*a - 2023. List the prime factors of a.
7, 17
Suppose -133*a + 140*a = 2058. Let v = a + -179. What are the prime factors of v?
5, 23
Suppose 4*l + 4 - 16 = 0. Suppose 0*k + 120 = 6*k. Suppose k = l*b + 2. List the prime factors of b.
2, 3
Let t(w) = 159*w**3 + 27*w**2 + 52*w - 486. List the prime factors of t(8).
2, 41, 1013
Let w(h) = -76*h**3 - 9*h**2 + 30*h + 7. What are the prime factors of w(-5)?
2, 3, 761
Suppose 5*i + 6*d = 2*d + 2700, 4*i - d = 2160. Suppose 24*q = 18*q + i. List the prime factors of q.
2, 3, 5
Let o(v) = 2*v + 28. Let a be o(-11). Let h(z) be the third derivative of z**6/120 - 7*z**5/60 + 7*z**4/24 - 2*z**3/3 + 10*z**2. List the prime factors of h(a).
2
Let q be (3 - 18/8) + (-486)/8. Let a = 23 - q. Let c = a - 53. List the prime factors of c.
2, 3, 5
Let m = -17883 - -47510. List the prime factors of m.
13, 43, 53
L